 j?
0
Let b = -11 - 3. Let m be (-10)/35 - 60/b. What is the units digit of m/(-4)*(-1 - 1)?
2
Suppose 0 = y + 2*y. Suppose 4*u = -y*m - 4*m + 8, -3*m = 5*u - 10. What is the units digit of u?
2
Let a = -2 - -2. Suppose a = -3*h + 49 + 2. What is the units digit of h?
7
Let k(h) = 31*h + 2. Let b be k(-1). Let r = -14 - b. What is the units digit of r?
5
Suppose 2 = -3*u - 4. Let j be u - ((-42)/(-3))/(-2). Suppose j = 4*v - 3. What is the units digit of v?
2
Suppose 1314 = -18*v + 24*v. What is the units digit of v?
9
Let w(h) = 5*h + 8. What is the tens digit of w(8)?
4
Let y = 5 + -3. Suppose 4*w - o - 50 = -w, -y*w + 4*o = -2. What is the tens digit of w?
1
Suppose -4*z + 51 + 117 = 0. Suppose -4*s + f + 81 = 0, 2*s + 0*f - z = 2*f. What is the units digit of s?
0
Let r(d) = -d**2 - d + 8. Let p be r(0). Let o(a) = 2*a + 1. Let g be o(2). Let c = p - g. What is the units digit of c?
3
Let v = 7 + -4. Suppose 2*u - v = 11. Suppose 0*n = -n + u. What is the units digit of n?
7
Suppose -4*f - 6 = 3*b, 3*f + 0*f + 5*b = -10. Let p(d) = d**3 + 7*d**2 - 6*d + 11. Let n be p(-8). Let t = f - n. What is the units digit of t?
5
What is the tens digit of (99/27)/((-2)/(-42))?
7
Let h(i) = 2*i. Let f be (3 + 13/(-3))*-15. Let o be (64/f)/((-4)/(-10)). What is the units digit of h(o)?
6
Suppose -k + 1 + 1 = 0. Suppose -5*a + 2 = k*l, 3*l + 1 = 4*l + a. What is the units digit of l?
1
What is the units digit of 64 - 8/12*-3?
6
Suppose 5*l - 380 = -5*o, -3*o - 3*l = -4*l - 244. Suppose 0 = -5*b + 50 + o. What is the units digit of b?
6
Let u = -14 - -8. What is the units digit of (3/u)/(2/(-12))?
3
Suppose g - 5*g - 4 = 4*k, 0 = 4*g + 2*k - 4. Let m(v) = -g + 6 - 2 + v. What is the units digit of m(0)?
1
Suppose 4*s + 5*j - 843 = 0, 0 = 5*s + j - 25 - 1013. Suppose -2*b + 122 = 4*h, b - 65 = 5*h - s. What is the tens digit of h?
2
Let u(q) = 3*q - 2*q**2 - 8*q**3 - 5*q - 3*q**3 - 1. Let t be u(-1). Let l = t - 4. What is the units digit of l?
6
Let g(i) = -13*i - 1. Let s be g(5). Let t = s - -96. Suppose -19 = -2*b + 5*x + 8, -5*b + 5*x = -t. What is the units digit of b?
1
Suppose 3*r - 1915 = -2*r + 5*a, 4*r = 3*a + 1530. What is the hundreds digit of r?
3
Suppose -m - y - 4 = -1, 0 = -m - 4*y + 6. What is the units digit of ((-2)/m)/(2/48)?
8
Let w = -7 - -1. What is the units digit of (-24)/(-9) + (-2)/w?
3
What is the units digit of (1 - 1 - -1)*(44 - 43)?
1
Let w be 0*1*(-3)/6. Suppose w + 9 = 3*v. What is the units digit of v?
3
Let d = 25 + -15. Suppose 2 - d = -2*q. What is the units digit of q?
4
Suppose 3*i + 12 = -78. Let k = 56 + i. What is the units digit of k?
6
Suppose -3*r = -34 + 1. Let c = -6 + r. What is the units digit of c?
5
Suppose 3*w + 0*w - 90 = 0. What is the units digit of w?
0
Let v be (4/12)/(1/15). Suppose x = -3*x + 12. Suppose 4*z - v*w = 77, -4 = -x*z - 5*w + 10. What is the tens digit of z?
1
Suppose 2*r - 6*r - 3*p + 12 = 0, 4*r + 5*p = 12. Suppose r*o - 21 - 60 = 0. Suppose -7 = 5*l - o. What is the units digit of l?
4
Let l = 4 + -4. Suppose -3*k + 0*k = l. Suppose -o - 3 + 5 = k. What is the units digit of o?
2
Let y(t) = t**2 - 13*t + 53. What is the units digit of y(17)?
1
Let d be 22/(-4) - (-2)/(-4). Let p(j) = j**2 + 5*j + 3. Let m be p(d). Let g = -5 + m. What is the units digit of g?
4
Let a = 216 + -142. What is the tens digit of a?
7
Let l(i) = 1. Let p(b) = -3*b - 9. Let o(f) = -6*l(f) + p(f). What is the tens digit of o(-11)?
1
What is the tens digit of 1/(-4) - 3/(-12)*329?
8
Let o(j) = -j**3 + 11*j**2 + 12*j + 1. Let s = -6 - -18. What is the units digit of o(s)?
1
Suppose -245 = -7*z + 448. What is the units digit of z?
9
Suppose m - 3*m + 12 = 0. Let h(k) = 6 + k**2 - m*k + 1 + 2*k - 2. What is the units digit of h(5)?
0
Let l = 3 + -7. Let i = l + 4. Suppose i = 4*t + 24 - 68. What is the units digit of t?
1
Let p = -43 + 69. Suppose -144 = -5*o + p. Let q = o + -23. What is the tens digit of q?
1
Let p(n) = 7*n + 3. Let y(o) = 3*o + 2. Let l(d) = 2*p(d) - 5*y(d). Let u be l(-8). What is the tens digit of (6 + -3)*u*1?
1
Let o(d) = 3*d**3 + d - 1. Let s be o(1). Suppose -2*k - k + s*x + 54 = 0, -k + 33 = 4*x. Suppose 5*a = 2*a + k. What is the units digit of a?
7
Let x(c) = -6*c**2 + 2*c - 1. Let o(m) = -m**2 - m. Suppose -2 = -3*p - 8. Let l(h) = p*o(h) - x(h). What is the units digit of l(1)?
9
Let d(o) = -339*o + 2. What is the units digit of d(-1)?
1
Let k(v) = -9*v + 3 + 3 + v**2 + 2 + 4. Let j be k(8). Suppose 0 = 3*u + j*a + 17, -6 = 4*u + a - 5. What is the units digit of u?
1
Suppose o + 1060 = 4*n, -2*o = 2*o. Suppose 0 = 5*m - 135 - n. Suppose 3*q - m = -2*q. What is the tens digit of q?
1
Suppose f - 7*h = -3*h + 298, 5*h = -5. What is the tens digit of f?
9
Suppose -2*k + 15 = 3*k. Suppose 4*n = k*n - 1. Let d = 2 + n. What is the units digit of d?
1
Suppose -11 + 1 = 5*h. Let d(a) = -3*a**3 - 2*a**2. Let p(s) = -s**3 + s**2 + s. Let j(w) = d(w) - p(w). What is the units digit of j(h)?
6
Suppose -2*r + 3*w + 74 = -0*r, 2*r - 4*w - 74 = 0. What is the tens digit of r?
3
Let m(x) = x**2 + x + 3. What is the hundreds digit of m(11)?
1
Let y = 125 - 55. What is the units digit of y?
0
Let l(c) = -c**2 + 3*c. Let g be l(3). Let o be 1 + 2/1 - g. Let f(t) = t**3 - 3*t**2 + 2*t + 2. What is the units digit of f(o)?
8
Let k = -119 + 312. What is the hundreds digit of k?
1
Let m(u) = 3*u - 2. Let b be m(4). Let a(o) = 4*o + 5. Let t be a(4). Let y = t - b. What is the units digit of y?
1
What is the units digit of (-6)/(-2)*((-1407)/9)/(-7)?
7
Suppose 12 = -2*u + 250. What is the hundreds digit of u?
1
Let a = -11 + 10. Let v = a - -2. What is the units digit of v?
1
What is the units digit of (2 - 3 - -2)/(6/414)?
9
Let k = -11 - -16. Let d(q) = -q**2 + 6*q - 3. Let s be d(k). Suppose s*u + u = 6. What is the units digit of u?
2
Let u(p) = p**2 - 8*p - 14. Let s be u(11). Let j = 51 - s. What is the units digit of j?
2
Let u(b) be the second derivative of 7/3*b**3 - 1/2*b**2 + 0 - 3*b. What is the tens digit of u(1)?
1
Let x be ((-40)/(-16))/((-1)/(-2)). Suppose -5 + 22 = n - x*v, 11 = 4*n - v. What is the units digit of n?
2
Let d be 1*(-1)/3*-15. Suppose -2*u + d*u = 42. What is the units digit of u?
4
What is the tens digit of -4 - (-1 - (19 - -1))?
1
Let w be 53/1 - (12 - 11). Suppose -w = -5*s + 3*s. What is the tens digit of s?
2
Let d = 13 - 5. Let h(p) be the first derivative of p**2 - 10*p - 12. What is the units digit of h(d)?
6
Suppose -29 = -3*d + 751. What is the hundreds digit of d?
2
What is the tens digit of 3*((-75)/(-9) - -1)?
2
Let k = -31 + 40. What is the units digit of k?
9
Suppose -6 = -2*x + 2. Suppose -5*n - 8 = -2*v, v + x*n + 6 + 3 = 0. What is the units digit of (2/4)/(v/(-2))?
1
Let c(p) = p + 9. Let g = -8 - -13. Suppose -6*k + 2*k = 3*j + 32, -g*k - 25 = 0. What is the units digit of c(j)?
5
Let w(n) = 2*n**2 + 2*n - 13. Let h(u) = -u**2 - u + 6. Let a(i) = -7*h(i) - 3*w(i). Suppose v - 2 = 0, 4*p + 0*v - v - 10 = 0. What is the units digit of a(p)?
9
Let z = 2 + -5. What is the tens digit of (-53)/z - 4/6?
1
Let p = 2 - 3. Let o = p + 5. Suppose 20 = o*h, 3*y + 5*h = 38 + 11. What is the units digit of y?
8
Let y = 4 - 4. Suppose 4*m = -m - 5. What is the units digit of -2 + 9 - m - y?
8
Let n = -8 + 13. Suppose 150 = -0*y + n*y. What is the units digit of y?
0
Let p(j) be the first derivative of 6*j + 1/3*j**3 - 4 - 5/2*j**2. What is the units digit of p(4)?
2
Suppose 125 = o - 20. What is the hundreds digit of o?
1
Let z = 71 + -39. What is the units digit of z?
2
Suppose 3*o = 3*b - 6, -b - 5*o + 31 - 5 = 0. What is the units digit of 3 - ((1 - b) + 3)?
5
Suppose g = -5*w - g + 11, w = 4*g + 11. Suppose 0 = -4*y + 23 - w. Let u = 12 - y. What is the units digit of u?
7
What is the tens digit of (15/(-4) + 3)/(3/(-396))?
9
Suppose -j - 378 - 364 = -5*q, -4*q = j - 599. What is the tens digit of q?
4
Let l(b) = -12*b**3 - 2*b**2 - 8*b. What is the tens digit of l(-2)?
0
Suppose -4*b = -0*b - 36. What is the units digit of b?
9
Let l(u) be the second derivative of u**3/6 - 2*u. Let s be l(2). Suppose -w + s = -3. What is the units digit of w?
5
Suppose 0*b = -4*b + 44. Suppose 14*p - 54 = b*p. What is the tens digit of p?
1
Let s(p) = -p**3 + 6*p**2 + 7*p 